et i be t(2). Let n be (-1395)/(-25) + 1/i. What is the greatest common factor of 42 and n?
14
Let l = -39 + 37. Let h(n) = -8*n - 11. Let i be h(l). Suppose -191 + 53 = -2*r - 5*z, 0 = -4*r + i*z + 276. What is the greatest common factor of r and 23?
23
Let a(x) = 4*x - 68. Let d be a(17). Suppose -8*i + 2*s = -13*i + 41, 5*s - 15 = d. Calculate the highest common divisor of 1 and i.
1
Suppose 4*l = -4*c + 17 + 11, 4*c + 2*l - 36 = 0. Suppose -3*s + 0*s = -9. Suppose -u + s*u - 22 = 0. What is the highest common divisor of c and u?
11
Suppose -13 - 47 = -12*b. Suppose 0 = -2*h - b*w + 17, -3*w + 35 = 5*h - 36. What is the greatest common factor of 2 and h?
2
Let w be (-34)/(-7) - (-1)/(14/2). Suppose 10*g + 10 = 5*g + 3*b, -40 = w*g + 3*b. Let a = 46 - g. Calculate the greatest common divisor of 68 and a.
17
Let y be 62/4 + (-1)/(-2). Let h be 302/453 - ((-10)/(-6) - 2 - 87). What is the greatest common factor of h and y?
8
Let j be 5 + (15 - (-36)/8)/((-3)/(-2)). What is the greatest common divisor of 6309 and j?
9
Let r = 29487 - 29373. What is the greatest common divisor of r and 19266?
114
Let g be -210*(1040/(-175) + (-6)/7). Calculate the highest common divisor of 189 and g.
21
Let g = 307 - 292. Suppose 110 = g*f - 115. What is the highest common divisor of 65 and f?
5
Let h be -1 + 1 + 1 + 8. Let g be 178/h + 12/54. Let l = 31877 - 31837. What is the highest common divisor of g and l?
20
Let h(r) = 101*r + 2025. Let b be h(-19). What is the greatest common divisor of b and 4?
2
Suppose 0 = 3*b - 4*n + 5*n + 29, -n + 1 = 0. Let w be ((-252)/b)/(99/(-20) - -5). What is the greatest common factor of 63 and w?
63
Let w(h) = -2*h**2 - 9*h - 1. Let y be w(-6). Let s = 31 + y. Calculate the highest common factor of 36 and s.
12
Suppose -256 = -50*x + 994. Calculate the highest common factor of 445 and x.
5
Suppose 4*p = -2*n + 34, -63*n + 64*n - 27 = -3*p. What is the highest common divisor of 9470 and p?
10
Suppose 0 = -192*c + 19*c + 12456. Calculate the greatest common divisor of 616 and c.
8
Let t(c) = 4*c - 29. Let d be t(12). Suppose q = 3*x + 186, -3*q + 27*x + 538 = 22*x. What is the greatest common divisor of q and d?
19
Suppose -4*l + 2764 = 4*r, -5*r - 2*l = -3419 - 21. Suppose -2*h = -5*o + 1836, 5*o - 1162 = -4*h + r. Calculate the greatest common factor of o and 46.
46
Let z be (42/(-35))/((-27)/2070). Suppose -17*v + 15*v - 2*o + z = 0, 0 = 3*v - 4*o - 166. Calculate the highest common factor of 325 and v.
25
Suppose -78*m = 42*m - 26880. What is the highest common factor of 728 and m?
56
Let c be (315/(-14))/((-3)/(-6) - 1). Suppose -2*q = -u + 8, u + 8 = -3*q + q. Suppose 0 = k - 18 - u. Calculate the highest common divisor of c and k.
9
Suppose r - t = 2731, 6*r + t - 2725 = 5*r. What is the greatest common factor of 88 and r?
88
Let r(q) = -6*q**2 + 183*q - 228. Let m be r(28). What is the greatest common factor of m and 100?
4
Let f(h) = -h + 2. Let q be f(0). Suppose q*c - 40 = -3*c. Let d(t) = t**3 - 9*t**2 + 9*t - 6. Let g be d(c). What is the greatest common factor of g and 6?
2
Let m(k) = -3 + 12*k**2 + 30*k**2 - 8 - 40*k**2 - 5*k. Let i be m(-3). Calculate the highest common divisor of i and 594.
22
Suppose -3*p + 522 - 126 = 0. Suppose -4*s + s = -5*m + 705, 3*m - 4*s = 434. Let r = -126 + m. What is the highest common factor of p and r?
12
Let w(b) = -2*b + 17. Let d be (2 - 1)/((-1)/(-11)). Let p be w(d). Let q be p/((-20)/16) - -21. What is the highest common divisor of q and 5?
5
Suppose 5*a = 12 - 2. Suppose 3*j + 3*m = -0*j + 258, 3*m = 3*j - 246. Let r = 85 - j. What is the greatest common divisor of a and r?
1
Let y be (4 - 6)*(-18)/12. Suppose -5*i + y = -32. What is the highest common factor of i and 1?
1
Suppose -13*c + 279 + 1862 = 594. Calculate the highest common divisor of c and 1037.
17
Suppose 26*u + 560 - 610 = 1172. Calculate the highest common divisor of 3149 and u.
47
Let x be 6/18 + 22/(-3) + 62 + 16. Calculate the greatest common factor of x and 3.
1
Let v be (-2308)/34 - 6*(-2)/(-102). Let k = v + 996. What is the greatest common factor of k and 32?
32
Suppose 448*k + 7160 = 452*k. What is the highest common divisor of 60 and k?
10
Suppose 7*u = 5*u. Suppose 16 = -u*h + 4*h. Suppose -288 = h*s - 10*s. What is the highest common divisor of 120 and s?
24
Let f = 981 - 977. Suppose 2*m + 1324 = -9*c + 14*c, 0 = 5*c - f*m - 1318. Calculate the highest common factor of c and 14.
14
Let w(r) = 4*r**2 - 499*r + 566. Let s be w(124). Calculate the highest common factor of 14 and s.
2
Let l(y) be the first derivative of 1/2*y**4 + 2*y**2 - 5/3*y**3 - 5*y - 27. Let s be l(3). What is the greatest common factor of 64 and s?
16
Suppose 4*b + 35*b - 17226 = -27*b. Calculate the greatest common divisor of b and 58.
29
Suppose -53 = -2*z + 2*g + 163, 4*g + 544 = 5*z. Suppose n - 2*n = -4. What is the highest common divisor of z and n?
4
Suppose -l + 19 = 3*k, -2*k = k + 4*l - 31. Suppose 2*p - 6*p + 221 = -j, -4*p - 5*j = -215. Calculate the greatest common factor of k and p.
5
Let w(x) = x**3 - 121*x**2 - 108*x - 1478. Let s be w(122). Suppose f + 2*i = 5*f - 378, 5*f = 3*i + 475. Calculate the highest common factor of f and s.
46
Let x = 353 - 358. Let k be x*(-14)/(-105)*-18. Let n(u) = 45*u - 3. Let y be n(3). What is the highest common factor of k and y?
12
Let y(l) = -1004*l**3 - 4*l**2 + 6*l + 9. Let a be y(-1). What is the highest common divisor of 34 and a?
17
Suppose 22 = 4*w - 2*o - 8, 0 = w - 4*o + 10. What is the greatest common factor of w and 1762?
2
Suppose -2*o - 8*o = -3160. Suppose 4*n = 4*v + o - 832, 5*v - 621 = -3*n. Calculate the greatest common divisor of 56 and v.
14
Let o be 6/(3 - (5 - (-1665)/(-819))). Calculate the highest common factor of 154 and o.
14
Let r be 154*(-4 - (-200)/28). Let f = r + -452. What is the greatest common factor of f and 1?
1
Suppose -2*j + 2*a + 170 = 2*j, 130 = 3*j - 2*a. Suppose -7*z + 9*z - 8 = 0. Let n be (z/5)/((-2)/(-50)). Calculate the greatest common factor of j and n.
20
Let a(r) = 6*r**2 + 145*r - 202. Let t be a(39). What is the highest common divisor of t and 478?
239
Let n be (21/(-3) - -89)/(-2). Let f be 45/(-12)*(n + 1). What is the greatest common factor of f and 90?
30
Let o(y) = -92*y. Let f be o(-1). Suppose 246 = -9*v + 18*v - 150. Let p = f - v. What is the highest common divisor of p and 240?
48
Suppose 42*a - 15*a = -32*a + 8673. What is the highest common factor of 273 and a?
21
Let q be (-2)/6 - (-292468)/759. What is the greatest common divisor of 187 and q?
11
Let b be 94/8 + 1*(-3)/4. Suppose -2*h = -5*h + 4*g + 29, -h = 5*g + 3. Let q be -2 + 105 - (h - 3). Calculate the highest common divisor of b and q.
11
Let b = 444 - 416. Calculate the greatest common factor of b and 13748.
28
Suppose -5*d = 3*s - 68 - 92, 2*d - 112 = -2*s. Let o be 1/((-2 - 0)/(-102)). Let q = o + -27. Calculate the greatest common factor of q and s.
12
Suppose -5*i - 2*i + 42 = 0. Suppose -4*m + 142 = 5*r, 0*m - 5*m = -r - 163. What is the greatest common divisor of m and i?
3
Let p(n) = -3*n**2 + 6*n - 24. Let d be p(6). Let q be (125/(-20) - 2)/(4/d). What is the greatest common divisor of 11 and q?
11
Suppose 3*v = 4*s + 644, -v + 0*v + 218 = 2*s. Let k be 7/(21/(-12)) - -36 - 5. What is the highest common divisor of k and v?
27
Suppose -2*f - 2*i = -0*f - 42, f + 2*i - 22 = 0. Let q = -1777 + 1867. Calculate the greatest common factor of q and f.
10
Let p = 269 + -301. Let u be 12/((8/p)/((-4)/24)). Calculate the highest common factor of u and 22.
2
Let z = -3351 - -3475. Calculate the highest common divisor of z and 12.
4
Let a = 8 - 5. Suppose 9 = 2*p + a. Let t = 144 + -123. Calculate the greatest common divisor of t and p.
3
Suppose 4*n + 1107 = 6327. Calculate the greatest common divisor of n and 290.
145
Let h = -7635 - -10281. Calculate the greatest common divisor of h and 147.
147
Suppose -1206*s = -1157*s - 36064. Let z be -1 - -32 - (0 - 1). What is the highest common factor of s and z?
32
Let m(t) = -t**3 - 28*t**2 - 237*t - 11. Let f be m(-8). Calculate the highest common divisor of 220 and f.
55
Suppose 0 = 14*z + 23 + 33. Suppose 33*j = 25*j - 448. Let n be ((-6)/z)/((-6)/j). What is the highest common divisor of n and 112?
14
